{"id":306,"date":"2023-01-24T00:10:38","date_gmt":"2023-01-24T00:10:38","guid":{"rendered":"https:\/\/hostingonlineperu.com\/miboda\/?page_id=306"},"modified":"2026-01-31T16:24:54","modified_gmt":"2026-01-31T16:24:54","slug":"demo","status":"publish","type":"page","link":"https:\/\/hostingonlineperu.com\/miboda\/demo\/","title":{"rendered":"Demo"},"content":{"rendered":"<p>[dflip id=&raquo;303&Prime;][\/dflip]<\/p>\n<p><a href=\"https:\/\/loveflowers.com.ua\">read the full article<\/a><\/p>\n<p>F\u00fcr Studierende, die Unterst\u00fctzung bei ihrer akademischen Arbeit ben\u00f6tigen, kann es hilfreich sein, einen professionellen Service wie <a href=\"https:\/\/ghostwriter-berlin.com\/diplomarbeit-schreiben-lassen\/\" style=\"text-decoration: none !important; color: inherit !important;\">diplomarbeit schreiben lassen<\/a> in Anspruch zu nehmen, um qualitativ hochwertige Ergebnisse zu erzielen.<\/p>\n","protected":false},"excerpt":{"rendered":"<p>[dflip id=&raquo;303&Prime;][\/dflip] read the full article F\u00fcr Studierende, die Unterst\u00fctzung bei ihrer akademischen Arbeit ben\u00f6tigen, kann es hilfreich sein, einen professionellen Service wie diplomarbeit schreiben lassen in Anspruch zu nehmen, um qualitativ hochwertige Ergebnisse zu erzielen.<\/p>\n","protected":false},"author":1,"featured_media":0,"parent":0,"menu_order":0,"comment_status":"closed","ping_status":"closed","template":"","meta":{"footnotes":""},"class_list":["post-306","page","type-page","status-publish","hentry"],"_links":{"self":[{"href":"https:\/\/hostingonlineperu.com\/miboda\/wp-json\/wp\/v2\/pages\/306","targetHints":{"allow":["GET"]}}],"collection":[{"href":"https:\/\/hostingonlineperu.com\/miboda\/wp-json\/wp\/v2\/pages"}],"about":[{"href":"https:\/\/hostingonlineperu.com\/miboda\/wp-json\/wp\/v2\/types\/page"}],"author":[{"embeddable":true,"href":"https:\/\/hostingonlineperu.com\/miboda\/wp-json\/wp\/v2\/users\/1"}],"replies":[{"embeddable":true,"href":"https:\/\/hostingonlineperu.com\/miboda\/wp-json\/wp\/v2\/comments?post=306"}],"version-history":[{"count":5,"href":"https:\/\/hostingonlineperu.com\/miboda\/wp-json\/wp\/v2\/pages\/306\/revisions"}],"predecessor-version":[{"id":16884,"href":"https:\/\/hostingonlineperu.com\/miboda\/wp-json\/wp\/v2\/pages\/306\/revisions\/16884"}],"wp:attachment":[{"href":"https:\/\/hostingonlineperu.com\/miboda\/wp-json\/wp\/v2\/media?parent=306"}],"curies":[{"name":"wp","href":"https:\/\/api.w.org\/{rel}","templated":true}]}}